{"id":1368,"date":"2023-08-18T15:03:19","date_gmt":"2023-08-18T15:03:19","guid":{"rendered":"https:\/\/asociacionfuentesanta.org\/?page_id=1368"},"modified":"2025-10-07T09:13:06","modified_gmt":"2025-10-07T09:13:06","slug":"normativa-cursos","status":"publish","type":"page","link":"https:\/\/asociacionfuentesanta.org\/index.php\/normativa-cursos\/","title":{"rendered":"NORMATIVA CURSOS"},"content":{"rendered":"\t\t<div data-elementor-type=\"wp-page\" data-elementor-id=\"1368\" class=\"elementor elementor-1368\">\n\t\t\t\t\t\t<section class=\"elementor-section elementor-top-section elementor-element elementor-element-6c78f0b elementor-section-full_width elementor-section-height-default elementor-section-height-default\" data-id=\"6c78f0b\" data-element_type=\"section\" data-e-type=\"section\">\n\t\t\t\t\t\t<div class=\"elementor-container elementor-column-gap-default\">\n\t\t\t\t\t<div class=\"elementor-column elementor-col-100 elementor-top-column elementor-element elementor-element-8bc9ac9\" data-id=\"8bc9ac9\" data-element_type=\"column\" data-e-type=\"column\">\n\t\t\t<div class=\"elementor-widget-wrap elementor-element-populated\">\n\t\t\t\t\t\t<div class=\"elementor-element elementor-element-d75c7f6 elementor-widget-mobile__width-initial elementor-widget elementor-widget-heading\" data-id=\"d75c7f6\" data-element_type=\"widget\" data-e-type=\"widget\" data-widget_type=\"heading.default\">\n\t\t\t\t\t<h2 class=\"elementor-heading-title elementor-size-default\">normativa de los cursos y talleres 2025\/2026<\/h2>\t\t\t\t<\/div>\n\t\t\t\t\t<\/div>\n\t\t<\/div>\n\t\t\t\t\t<\/div>\n\t\t<\/section>\n\t\t\t\t<section class=\"elementor-section elementor-top-section elementor-element elementor-element-9948f67 elementor-section-boxed elementor-section-height-default elementor-section-height-default\" data-id=\"9948f67\" data-element_type=\"section\" data-e-type=\"section\">\n\t\t\t\t\t\t<div class=\"elementor-container elementor-column-gap-default\">\n\t\t\t\t\t<div class=\"elementor-column elementor-col-100 elementor-top-column elementor-element elementor-element-0db9379\" data-id=\"0db9379\" data-element_type=\"column\" data-e-type=\"column\">\n\t\t\t<div class=\"elementor-widget-wrap elementor-element-populated\">\n\t\t\t\t\t\t<div class=\"elementor-element elementor-element-9c0d56a elementor-widget__width-initial elementor-widget elementor-widget-text-editor\" data-id=\"9c0d56a\" data-element_type=\"widget\" data-e-type=\"widget\" data-widget_type=\"text-editor.default\">\n\t\t\t\t\t\t\t\t\t<div style=\"text-align: left;\">La Asociaci\u00f3n de Vecinos Fuentesanta es una entidad privada de car\u00e1cter local que facilita la realizaci\u00f3n de cursos formativos de caracter comunitario en funci\u00f3n del cumplimientos de unos objetivos acordados por sus socios y la aprobaci\u00f3n de su Junta Directiva. Los cursos comprenden un curso acad\u00e9mico completo (octubre-junio) siempre que los grupos puedan mantener un m\u00ednimo de alumnos. Asimismo, la asociaci\u00f3n no tiene la obligaci\u00f3n de repetir las actividades en cursos venideros si la direcci\u00f3n as\u00ed lo considera.<\/div><div style=\"text-align: left;\">\u00a0<\/div><ul><li aria-level=\"1\"><span style=\"font-weight: 400;\">Antes de comenzar la actividad, el alumno\/a deber\u00e1 haber realizado el pago correspondiente al primer mes o trimestre. Hasta que el pago no se haya registrado satisfactoriamente, el alumno\/a no dispondr\u00e1 de plaza asegurada.\u00a0<\/span><\/li><\/ul><ul><li aria-level=\"1\"><span style=\"font-weight: 400;\">No se permiten pagos por clases o por quincenas. La mensualidad de cada curso se ha calculado teniendo en cuenta festivos y posibles d\u00edas de cierre de las instalaciones municipales.\u00a0<\/span>Si la inscripci\u00f3n se realiza durante la <strong data-start=\"1289\" data-end=\"1317\">segunda quincena del mes<\/strong>, incluido el d\u00eda de prueba, el pago corresponder\u00e1 al <strong data-start=\"1371\" data-end=\"1398\">50% de la cuota mensual.<\/strong>\u00a0<\/li><\/ul><ul><li aria-level=\"1\">Los espacios donde se desarrollan las actividades son cedidos por el Ayuntamiento de San Sebasti\u00e1n de los Reyes, por lo que no se podr\u00e1n reemplazar salvo que \u00e9ste se encuentre en condiciones que no se pueda realizar la actividad y as\u00ed nos lo comuniquen desde la Administraci\u00f3n. Los posibles cambios de espacio depender\u00e1n de la disponibilidad de alg\u00fan otro.\u00a0<\/li><\/ul><ul><li aria-level=\"1\"><span style=\"font-weight: 400;\">Si se desea abandonar el curso, se deber\u00e1 avisar con al menos una semana de antelaci\u00f3n a la finalizaci\u00f3n del mes en curso.<\/span><\/li><\/ul><ul><li aria-level=\"1\"><span style=\"font-weight: 400;\">En caso de enfermedad o ausencia justificada del profesor\/a o monitor\/a, ser\u00e1 posible recuperar el tiempo. Si la clase coincide en d\u00eda festivo o con el cierre de las instalaciones municipales, la clase no se recuperar\u00e1.<\/span><\/li><\/ul><ul><li aria-level=\"1\"><span style=\"font-weight: 400;\">Los pagos se realizar\u00e1n durante la primera semana del mes (Entre el 1 y el 5). Si pasada esa fecha el pago no se ha realizado, la plaza podr\u00e1 ser ocupada por otra persona, siguiendo la lista de espera existente.<\/span><\/li><\/ul><ul><li aria-level=\"1\"><span style=\"font-weight: 400;\">Se podr\u00e1 realizar el pago exclusivamente mediante transferencia bancaria o Bizum. No se acepta el pago en efectivo por motivos de transparencia en la gesti\u00f3n interna.\u00a0<\/span><\/li><\/ul><ul><li aria-level=\"1\"><span style=\"font-weight: 400;\">Si el curso se quedar\u00e1 por debajo del 40% de ocupaci\u00f3n (en el caso del \u00abCurso de Alem\u00e1n para j\u00f3venes\u00bb como m\u00ednimo el grupo deber\u00e1 estar formado por 4 alumnos para poder ser viable para la profesora), la asociaci\u00f3n se reserva el derecho de cancelar la actividad, devolviendo las cuotas completas o la parcialidad de ellas seg\u00fan las clases realizadas. Los profesores trabajan de manera aut\u00f3noma y si el grupo es notablemente reducido no pueden realizar su trabajo en condiciones \u00f3ptimas y justas.\u00a0<\/span><\/li><\/ul><ul><li aria-level=\"1\">Los alumnos\/as formar\u00e1n parte de un grupo de Whatsapp del curso, donde se realizar\u00e1n las comunicaciones oficiales que ata\u00f1en a la actividad. En este grupo \u00fanicamente estar\u00e1n los alumnos o progenitores, el o la profesora y responsables de la asociaci\u00f3n. Si un alumno\/a causara baja, se le eliminar\u00eda del grupo.\u00a0<\/li><\/ul>\t\t\t\t\t\t\t\t<\/div>\n\t\t\t\t\t<\/div>\n\t\t<\/div>\n\t\t\t\t\t<\/div>\n\t\t<\/section>\n\t\t\t\t<section class=\"elementor-section elementor-top-section elementor-element elementor-element-f546fdb elementor-section-boxed elementor-section-height-default elementor-section-height-default\" data-id=\"f546fdb\" data-element_type=\"section\" data-e-type=\"section\">\n\t\t\t\t\t\t<div class=\"elementor-container elementor-column-gap-default\">\n\t\t\t\t\t<div class=\"elementor-column elementor-col-100 elementor-top-column elementor-element elementor-element-d314dd2\" data-id=\"d314dd2\" data-element_type=\"column\" data-e-type=\"column\">\n\t\t\t<div class=\"elementor-widget-wrap elementor-element-populated\">\n\t\t\t\t\t\t<div class=\"elementor-element elementor-element-9bdd23a elementor-widget elementor-widget-spacer\" data-id=\"9bdd23a\" data-element_type=\"widget\" data-e-type=\"widget\" data-widget_type=\"spacer.default\">\n\t\t\t\t\t\t\t<div class=\"elementor-spacer\">\n\t\t\t<div class=\"elementor-spacer-inner\"><\/div>\n\t\t<\/div>\n\t\t\t\t\t\t<\/div>\n\t\t\t\t\t<\/div>\n\t\t<\/div>\n\t\t\t\t\t<\/div>\n\t\t<\/section>\n\t\t\t\t<section class=\"elementor-section elementor-top-section elementor-element elementor-element-e8d148c elementor-section-boxed elementor-section-height-default elementor-section-height-default\" data-id=\"e8d148c\" data-element_type=\"section\" data-e-type=\"section\">\n\t\t\t\t\t\t<div class=\"elementor-container elementor-column-gap-default\">\n\t\t\t\t\t<div class=\"elementor-column elementor-col-100 elementor-top-column elementor-element elementor-element-3a741c3\" data-id=\"3a741c3\" data-element_type=\"column\" data-e-type=\"column\">\n\t\t\t<div class=\"elementor-widget-wrap elementor-element-populated\">\n\t\t\t\t\t\t<div class=\"elementor-element elementor-element-257dacc elementor-widget elementor-widget-heading\" data-id=\"257dacc\" data-element_type=\"widget\" data-e-type=\"widget\" data-widget_type=\"heading.default\">\n\t\t\t\t\t<h2 class=\"elementor-heading-title elementor-size-default\">cuenta asociaci\u00f3n de vecinos fuentesanta<\/h2>\t\t\t\t<\/div>\n\t\t\t\t\t<\/div>\n\t\t<\/div>\n\t\t\t\t\t<\/div>\n\t\t<\/section>\n\t\t\t\t<section class=\"elementor-section elementor-top-section elementor-element elementor-element-259b100 elementor-section-boxed elementor-section-height-default elementor-section-height-default\" data-id=\"259b100\" data-element_type=\"section\" data-e-type=\"section\">\n\t\t\t\t\t\t<div class=\"elementor-container elementor-column-gap-default\">\n\t\t\t\t\t<div class=\"elementor-column elementor-col-100 elementor-top-column elementor-element elementor-element-7cb98f6\" data-id=\"7cb98f6\" data-element_type=\"column\" data-e-type=\"column\">\n\t\t\t<div class=\"elementor-widget-wrap elementor-element-populated\">\n\t\t\t\t\t\t<div class=\"elementor-element elementor-element-2d6bf69 elementor-widget elementor-widget-text-editor\" data-id=\"2d6bf69\" data-element_type=\"widget\" data-e-type=\"widget\" data-widget_type=\"text-editor.default\">\n\t\t\t\t\t\t\t\t\t<p>Para realizar en el pago de la cuota mensual de cualquier actividad deber\u00e1 seguir estos pasos:<\/p><p>&#8211; Realizar el pago en los primera semana del mes en el que se desea realizar la actividad<\/p><p>&#8211; Indicar en el \u00abAsunto o Concepto\u00bb su nombre y la actividad\u00a0<\/p><p>N\u00ba de Cuenta (Ibercaja):<\/p><p>ES94 &#8211; 2085 &#8211; 9267 &#8211; 0603 &#8211; 3048 &#8211; 1353<\/p><p>En breve nos activar\u00e1n Bizum como alternativa a la realizaci\u00f3n de transferencias. Se comunicar\u00e1 a trav\u00e9s de los canales oficiales de la asociaci\u00f3n.\u00a0<\/p>\t\t\t\t\t\t\t\t<\/div>\n\t\t\t\t\t<\/div>\n\t\t<\/div>\n\t\t\t\t\t<\/div>\n\t\t<\/section>\n\t\t\t\t<section class=\"elementor-section elementor-top-section elementor-element elementor-element-d100e08 elementor-section-boxed elementor-section-height-default elementor-section-height-default\" data-id=\"d100e08\" data-element_type=\"section\" data-e-type=\"section\">\n\t\t\t\t\t\t<div class=\"elementor-container elementor-column-gap-default\">\n\t\t\t\t\t<div class=\"elementor-column elementor-col-100 elementor-top-column elementor-element elementor-element-97333b0\" data-id=\"97333b0\" data-element_type=\"column\" data-e-type=\"column\">\n\t\t\t<div class=\"elementor-widget-wrap elementor-element-populated\">\n\t\t\t\t\t\t<div class=\"elementor-element elementor-element-87e8416 elementor-widget elementor-widget-spacer\" data-id=\"87e8416\" data-element_type=\"widget\" data-e-type=\"widget\" data-widget_type=\"spacer.default\">\n\t\t\t\t\t\t\t<div class=\"elementor-spacer\">\n\t\t\t<div class=\"elementor-spacer-inner\"><\/div>\n\t\t<\/div>\n\t\t\t\t\t\t<\/div>\n\t\t\t\t\t<\/div>\n\t\t<\/div>\n\t\t\t\t\t<\/div>\n\t\t<\/section>\n\t\t\t\t<\/div>\n\t\t","protected":false},"excerpt":{"rendered":"<p>normativa de los cursos y talleres 2025\/2026 La Asociaci\u00f3n de Vecinos Fuentesanta es una entidad privada de car\u00e1cter local que facilita la realizaci\u00f3n de cursos formativos de caracter comunitario en funci\u00f3n del cumplimientos de unos objetivos acordados por sus socios y la aprobaci\u00f3n de su Junta Directiva. Los cursos comprenden un curso acad\u00e9mico completo (octubre-junio) [&hellip;]<\/p>\n","protected":false},"author":1,"featured_media":0,"parent":0,"menu_order":0,"comment_status":"closed","ping_status":"closed","template":"","meta":{"site-sidebar-layout":"no-sidebar","site-content-layout":"page-builder","ast-site-content-layout":"default","site-content-style":"default","site-sidebar-style":"default","ast-global-header-display":"","ast-banner-title-visibility":"","ast-main-header-display":"","ast-hfb-above-header-display":"","ast-hfb-below-header-display":"","ast-hfb-mobile-header-display":"","site-post-title":"disabled","ast-breadcrumbs-content":"","ast-featured-img":"disabled","footer-sml-layout":"","ast-disable-related-posts":"","theme-transparent-header-meta":"","adv-header-id-meta":"","stick-header-meta":"","header-above-stick-meta":"","header-main-stick-meta":"","header-below-stick-meta":"","astra-migrate-meta-layouts":"set","ast-page-background-enabled":"default","ast-page-background-meta":{"desktop":{"background-color":"","background-image":"","background-repeat":"repeat","background-position":"center center","background-size":"auto","background-attachment":"scroll","background-type":"","background-media":"","overlay-type":"","overlay-color":"","overlay-opacity":"","overlay-gradient":""},"tablet":{"background-color":"","background-image":"","background-repeat":"repeat","background-position":"center center","background-size":"auto","background-attachment":"scroll","background-type":"","background-media":"","overlay-type":"","overlay-color":"","overlay-opacity":"","overlay-gradient":""},"mobile":{"background-color":"","background-image":"","background-repeat":"repeat","background-position":"center center","background-size":"auto","background-attachment":"scroll","background-type":"","background-media":"","overlay-type":"","overlay-color":"","overlay-opacity":"","overlay-gradient":""}},"ast-content-background-meta":{"desktop":{"background-color":"var(--ast-global-color-5)","background-image":"","background-repeat":"repeat","background-position":"center center","background-size":"auto","background-attachment":"scroll","background-type":"","background-media":"","overlay-type":"","overlay-color":"","overlay-opacity":"","overlay-gradient":""},"tablet":{"background-color":"var(--ast-global-color-5)","background-image":"","background-repeat":"repeat","background-position":"center center","background-size":"auto","background-attachment":"scroll","background-type":"","background-media":"","overlay-type":"","overlay-color":"","overlay-opacity":"","overlay-gradient":""},"mobile":{"background-color":"var(--ast-global-color-5)","background-image":"","background-repeat":"repeat","background-position":"center center","background-size":"auto","background-attachment":"scroll","background-type":"","background-media":"","overlay-type":"","overlay-color":"","overlay-opacity":"","overlay-gradient":""}},"h5ap_radio_sources":[],"iawp_total_views":723,"footnotes":""},"class_list":["post-1368","page","type-page","status-publish","hentry"],"_links":{"self":[{"href":"https:\/\/asociacionfuentesanta.org\/index.php\/wp-json\/wp\/v2\/pages\/1368","targetHints":{"allow":["GET"]}}],"collection":[{"href":"https:\/\/asociacionfuentesanta.org\/index.php\/wp-json\/wp\/v2\/pages"}],"about":[{"href":"https:\/\/asociacionfuentesanta.org\/index.php\/wp-json\/wp\/v2\/types\/page"}],"author":[{"embeddable":true,"href":"https:\/\/asociacionfuentesanta.org\/index.php\/wp-json\/wp\/v2\/users\/1"}],"replies":[{"embeddable":true,"href":"https:\/\/asociacionfuentesanta.org\/index.php\/wp-json\/wp\/v2\/comments?post=1368"}],"version-history":[{"count":94,"href":"https:\/\/asociacionfuentesanta.org\/index.php\/wp-json\/wp\/v2\/pages\/1368\/revisions"}],"predecessor-version":[{"id":4926,"href":"https:\/\/asociacionfuentesanta.org\/index.php\/wp-json\/wp\/v2\/pages\/1368\/revisions\/4926"}],"wp:attachment":[{"href":"https:\/\/asociacionfuentesanta.org\/index.php\/wp-json\/wp\/v2\/media?parent=1368"}],"curies":[{"name":"wp","href":"https:\/\/api.w.org\/{rel}","templated":true}]}}